 = 7*d**2 + 1017*d - 8238. Determine q(8).
346
Let s(m) = -209*m + 4021. Calculate s(21).
-368
Let r(x) = 7817*x + 343940. Calculate r(-44).
-8
Let h(t) = 36*t + 3713. Calculate h(-50).
1913
Let m(w) = -3*w**3 + 44*w**2 + 12385*w - 173760. Calculate m(14).
22
Let m(h) = h**2 - 5448*h + 124757. Calculate m(23).
-18
Let k(t) = t**2 - 2304*t + 689002. Calculate k(353).
299
Let p(v) = -4*v**2 - 36*v + 447. What is p(-16)?
-1
Let r(w) = -150661*w - 5423691. What is r(-36)?
105
Let v(n) = -n**3 + 35*n**2 + 579*n - 166. Give v(47).
539
Let q(g) = 17820*g + 124718. What is q(-7)?
-22
Let o(i) = -i**2 + 920*i + 39992. Determine o(-42).
-412
Let a(m) = -m**2 + 2*m + 16. Calculate a(-16).
-272
Let x(u) = -43105*u + 43106. Calculate x(1).
1
Let y(k) = -3*k**3 - 80*k**2 - 614*k - 1332. Give y(-8).
-4
Let n(u) = -59*u**2 + 18288*u - 293850. Calculate n(17).
-5
Let o(t) = -1344*t + 15088. What is o(11)?
304
Let t(f) = f**2 - 5599*f - 197183. Determine t(-35).
7
Let j(k) = -k**3 + 399*k**2 - 2632*k + 729692. Give j(397).
6
Let s(q) = 274*q - 35598. What is s(130)?
22
Let m(x) = -4*x**3 - 25*x**2 - 1142*x - 8129. Calculate m(-7).
12
Let f(j) = j**2 + 60*j + 2348. What is f(-62)?
2472
Let y(k) = k**3 + 846*k**2 + 10*k + 8469. Determine y(-846).
9
Let u(b) = -17*b**3 - 8641*b**2 - 2529*b + 5558. What is u(-508)?
-30
Let d(z) = 3*z**2 - 2038*z - 22828. Give d(-11).
-47
Let x(l) = -3*l**3 + 609*l**2 + 1201*l + 5940. Give x(205).
-5
Let k(y) = y**3 + 364*y**2 + 11816*y + 2794. Give k(-328).
170
Let l(v) = v**3 + 50*v**2 - 4*v + 2545. Determine l(0).
2545
Let a(v) = -345*v + 2107. Determine a(6).
37
Let v(u) = -5*u**3 + 6*u**2 + 7*u + 16. Determine v(7).
-1356
Let t(k) = k**3 - 45*k**2 + 96*k + 3000. Determine t(41).
212
Let t(g) = -g**3 + 103*g**2 + 7774*g + 12331. Determine t(154).
11
Let o(s) = -31*s**2 - 5332*s + 38842. Calculate o(7).
-1
Let w(v) = -21*v**3 - 230*v**2 + 4*v - 9. Determine w(-3).
-1524
Let n(p) = p**3 - 72*p**2 + 1170*p - 72089. Determine n(70).
11
Let g(b) = -1208*b**2 - 785*b - 787. Calculate g(-1).
-1210
Let q(w) = w**3 + 30*w**2 + 313*w - 40. Give q(-12).
-1204
Let p(l) = 16239*l - 64941. Determine p(4).
15
Let s(n) = -125*n + 12362. Determine s(99).
-13
Let w(b) = 354*b + 43811. What is w(-122)?
623
Let r(f) = 27*f**2 - 4912*f - 362. Give r(182).
2
Let c(p) = -1210*p + 84653. Calculate c(70).
-47
Let b(x) = -2*x**2 + 259*x + 880. Calculate b(132).
220
Let k(f) = f**3 + 19*f**2 + 116*f + 41. What is k(-5)?
-189
Let t(s) = 279*s**3 - 2788*s**2 + 4*s + 17. Give t(10).
257
Let n(f) = -f**3 + 88*f**2 - 181*f + 1623. What is n(86)?
849
Let b(h) = h**2 + 430*h + 36413. Determine b(-116).
-11
Let w(d) = 440*d + 1459. What is w(-4)?
-301
Let b(x) = -110540*x + 663279. Give b(6).
39
Let i(k) = 501*k - 5668. What is i(16)?
2348
Let u(z) = z**2 + 141*z - 952. Determine u(-148).
84
Let l(f) = f**3 + 95*f**2 - 553*f - 25396. Give l(-98).
-14
Let z(d) = 915*d + 4705. What is z(-4)?
1045
Let u(b) = 786855*b - 786864. Determine u(1).
-9
Let r(m) = 23*m**2 - 10*m - 11. Determine r(-3).
226
Let a(z) = -15*z**3 - 371*z**2 + 485*z - 143. Give a(-26).
91
Let o(l) = 10001*l + 149999. Calculate o(-15).
-16
Let q(x) = -8*x**2 + 3222*x + 3946. What is q(404)?
-94
Let d(v) = 6*v**3 - 680*v**2 + 203*v + 2585. Give d(113).
-14
Let v(b) = -85*b**2 + 721*b - 11. Give v(8).
317
Let f(g) = -20*g**2 - 312*g - 166. Give f(-15).
14
Let y(m) = m**2 - 676*m - 31626. Determine y(-44).
54
Let x(g) = 353249*g - 1059731. What is x(3)?
16
Let b(p) = 609*p + 1287. Give b(-2).
69
Let k(o) = -o**3 - 137*o**2 - 3701*o - 60. What is k(-100)?
40
Let s(t) = -t**3 + 340*t**2 + 22172*t - 227. Give s(-56).
-3
Let x(d) = -d**2 - 288*d + 129817. Calculate x(244).
9
Let y(j) = j**3 + j**2 - 61*j + 716. Calculate y(-12).
-136
Let t(h) = 129*h**2 + 12760*h + 97. What is t(-99)?
1186
Let w(h) = h**2 - 6160*h + 43177. What is w(7)?
106
Let l(v) = -65*v**2 + 3311*v + 258. Calculate l(51).
54
Let w(q) = 2*q**3 - 231*q**2 - 5006*q + 6424. Give w(134).
-8
Let v(q) = -2*q**3 + 163*q**2 + 8894*q + 3688. What is v(119)?
-1
Let v(j) = j**3 + 11*j**2 - 37*j - 299. Determine v(-12).
1
Let q(h) = 76*h - 957. Give q(8).
-349
Let t(w) = 153*w - 925. Determine t(5).
-160
Let z(k) = -5*k**2 - 11*k - 275. Determine z(14).
-1409
Let j(y) = 92*y**2 - 4549*y + 22791. Determine j(5).
2346
Let m(q) = q**2 - 68*q + 261. Calculate m(6).
-111
Let k(a) = -25752*a + 103035. Give k(4).
27
Let o(r) = 8*r**3 + 23*r**2 - 90*r + 107. Determine o(2).
83
Let n(j) = -32198*j - 16034609. Calculate n(-498).
-5
Let a(q) = 30*q**3 + 118*q**2 + 404*q + 287. Calculate a(-1).
-29
Let i(q) = 379*q + 5539. Determine i(-11).
1370
Let m(a) = -a**2 + 735*a - 69508. Determine m(112).
268
Let a(n) = -119395*n + 596965. Give a(5).
-10
Let f(o) = -2*o**3 - 22*o**2 + 314*o - 16. Calculate f(8).
64
Let g(u) = -5934*u + 320445. Give g(54).
9
Let k(d) = d**3 + 52*d**2 - 282*d + 57. What is k(-57)?
-114
Let s(k) = -83*k**2 + 1964*k - 1285. What is s(23)?
-20
Let h(n) = 33*n**2 - n - 43. Determine h(5).
777
Let p(t) = 3*t**2 + 2779*t + 153528. Calculate p(-59).
10
Let v(p) = -6*p**2 - 378*p + 392. Determine v(-64).
8
Let m(h) = h**3 + 969*h**2 - 4869*h + 971. What is m(-974)?
-3
Let u(i) = -i**3 - 312*i**2 - 7693*i + 572. Calculate u(-285).
2
Let d(i) = -9*i**2 + 48*i - 309. What is d(8)?
-501
Let j(o) = -2*o**2 + 600*o - 27812. Determine j(57).
-110
Let c(u) = 2*u**3 + 523*u**2 + 793*u + 3394. What is c(-260)?
14
Let a(d) = 3007*d + 44199. What is a(-15)?
-906
Let g(x) = -72*x**2 - 1085*x - 75. What is g(-15)?
0
Let g(q) = -4*q**2 + 1495*q + 3347. Give g(376).
-37
Let j(c) = 3*c**2 + 747*c + 32024. Determine j(-55).
14
Let x(i) = -2*i**2 + 894*i + 44322. Calculate x(492).
42
Let j(q) = -401*q - 3027. What is j(-6)?
-621
Let c(p) = 146*p**2 + 39464*p + 11868. Calculate c(-270).
-12
Let g(y) = -2*y**2 + 9925*y - 39668. Give g(4).
0
Let d(v) = 765*v**2 - 3047*v - 60. Give d(4).
-8
Let u(q) = 15*q**2 - 406*q + 2282. Give u(6).
386
Let q(c) = -16240*c + 48751. What is q(3)?
31
Let j(q) = 61*q**2 - 936*q - 4271. Determine j(19).
-34
Let r(o) = -o**2 - 51286*o + 410342. Determine r(8).
-10
Let l(f) = 2*f**3 + 76*f**2 - 2198*f - 972. What is l(-57)?
852
Let k(g) = -g**3 - 27*g**2 - 184*g - 102. Calculate k(-16).
26
Let i(s) = s**3 + 92*s**2 + 201*s + 10022. Calculate i(-91).
12
Let u(v) = v**3 + 36*v**2 + 216*v + 6284. Give u(-34).
1252
Let z(j) = j**3 + 29*j**2 + 4358*j + 126578. What is z(-29)?
196
Let y(r) = 114*r + 10480. Calculate y(-77).
1702
Let z(c) = c**3 + 9*c**2 + 3252*c + 25947. Give z(-8).
-5
Let c(b) = 112*b**2 - 38676*b + 116029. What is c(3)?
1009
Let o(c) = -8354*c - 2130257. Calculate o(-255).
13
Let i(u) = -13871*u - 55526. Determine i(-4).
-42
Let y(z) = 456*z**2 - z + 125. Determine y(0).
125
Let r(c) = -7481*c + 29875. Calculate r(4).
-49
Let d(g) = 37*g**3 + 7*g**2 - 662*g + 657. Give d(1).
39
Let v(b) = 74*b + 435. What is v(0)?
435
Let v(q) = -3*q**3 + 12*q**2 - 5235*q + 15693. Determine v(3).
15
Let s(a) = -3247*a + 1334527. Determine s(411).
10
Let n(t) = -9014*t + 108261. Give n(12).
93
Let h(i) = -i**2 - 94*i + 207531. Give h(-505).
-24
Let q(k) = -6*k**3 - 42*k**2 - 110*k - 529. Calculate q(-6).
-85
Let l(g) = -g**3 + 11*g**2 - 130*g - 513. Determine l(-7).
1279
Let f(p) = -89857*p - 23362811. Give f(-260).
9
Let n(j) = -821*j + 176309. Give n(215).
-206
Let n(i) = -95*i**2 + 584*i - 61. What is n(7)?
-628
Let w(s) = -s**3 + 177*s**2 + 2530*s - 11386. Calculate w(190).
14
Let v(a) = -a**3 + 3*a**2 + 45*a - 67. Calculate v(-6).
-13
Let h(a) = 8*a**3 + 464*a**2 + 2657*a. What is h(-6)?
-966
Let a(m) = m**3 + 18*m**2 + 47*m - 510. What is a(-14)?
-384
Let c(q) = 4827*q**2 + 28935*q - 8. Determine c(-6).
154
Let b(w) = 2*w**3 + 155*w**2 - 88*w + 156. What is b(-78)?
936
Let l(g) = 28*g**2 - 1431*g - 12944. What is l(-9)?
2203
Let r(n) = 11536*n + 10982247. Determine r(-952).
-25
Let i(m) = -m**3 - 5*m**2 - 119*m + 4580. What is i(13)?
-9
Let h(o) = 1126*o + 261228. Give h(-232).
-4
Let n(j) = -275*j + 55215. What is n(201)?
-60
Let x(t) = 2*t**2 - 145986*t - 3943087. What is x(-27)?
-7
Let o(r) = -r**3 - 98*r**2 - 1920*r - 224527. Calculate o(-101).
-4
Let g(s) = 4*s**2 - 149*s - 55. Calculate g(38).
59
Let u(f) = f**2 - 251*f - 4